 Suppose 16 - d = -2*c. List the prime factors of c.
59
Let x(q) = -q. Let f be x(6). Let s be (-369)/f - (-1 + 2/4). Let y = s + -49. What are the prime factors of y?
13
List the prime factors of (-4)/((-24)/9) - 943365/(-30).
13, 41, 59
Suppose -45*l + 313744 = -323951. What are the prime factors of l?
37, 383
Let c = 559 + 14385. List the prime factors of c.
2, 467
Let x = 36636 - 25398. What are the prime factors of x?
2, 3, 1873
Let q(m) = 8418*m**2 + 7*m - 2. List the prime factors of q(1).
8423
Let p(c) = -156*c - 147. Let y(h) = 104*h + 99. Let b(i) = 5*p(i) + 7*y(i). List the prime factors of b(-3).
2, 3, 19
Let f be 150/9*((-9)/(-15) - 3). Let j be (f/6)/(-1 + (-85)/(-90)). List the prime factors of ((-864)/j)/(1 - (-106)/(-100)).
2, 3, 5
Let l be (-14)/28*(-16)/2. Suppose -l*i + 5 = -c + 1, 2 = 2*i. Suppose c = -5*q + 209 + 341. What are the prime factors of q?
2, 5, 11
Suppose -2*m - 4*k = -12 - 52, 5*m - 142 = -4*k. Suppose 0 = 2*d - m*d + 2736. What are the prime factors of d?
2, 3, 19
Suppose 24*r - 87717 - 34430 = 204925. List the prime factors of r.
2, 3407
Suppose -39178 = -10*p + 26612. What are the prime factors of p?
3, 17, 43
Suppose 0 = 5*m - 96*m + 300209. What are the prime factors of m?
3299
Suppose 0 = -r + 2*s - 16, 0 = -3*r - 7*s + 9*s - 48. List the prime factors of ((-615)/(-12))/((-2)/r).
2, 5, 41
Suppose 11*t - 2496 - 309 = 0. Suppose -5 = -2*a - 3, 0 = -n + 2*a + t. List the prime factors of n.
257
Suppose 3*z - 4*d - 5 = 4*z, 2*z + 4*d = -2. Let p(h) = -9 + 13 + z*h**2 + 6*h**2. What are the prime factors of p(3)?
5, 17
Suppose -5*h = -4*o - 0*h + 4, 0 = -o - h + 1. Let f(x) = 392*x**3 + 4*x**2 - 2*x - 2. What are the prime factors of f(o)?
2, 7
Let v be -21008 + (-1 + 1)/(-3). What are the prime factors of (-28)/98 + v/(-28)?
2, 3, 5
List the prime factors of 20745 - (((-120)/(-36))/(-10) - (-17)/(-3)).
3, 6917
Suppose -6*h = -19755 - 4179. Suppose 0 = -4*x + 7*x - c - h, 1319 = x - 3*c. List the prime factors of x.
11
Let m be (-464)/(-144) + 2/(-9). Suppose g = -5*r + 4*g + 12, m*g = r. Suppose r*y + 5*k = 505, -2*y - 2*y + 615 = -5*k. List the prime factors of y.
2, 5
Let q = 67014 - 24728. What are the prime factors of q?
2, 21143
Let p(u) be the second derivative of -109*u**3/3 - 17*u**2/2 + 13*u + 2. What are the prime factors of p(-3)?
7, 13
Suppose -5*f + 11 - 271 = 0. Let r = 2208 - 2273. Let y = f - r. What are the prime factors of y?
13
Let m(v) = -v**2 - 8*v - 3. Let s be m(-7). Suppose -4*i - p + 5*p = -1244, -s*i - 2*p = -1256. List the prime factors of i.
313
Let g(v) be the second derivative of v**5/20 - v**4/6 - 3*v**3/2 + 6*v**2 - 79*v. What are the prime factors of g(11)?
2, 3, 167
Let x = 7251 + -5989. List the prime factors of x.
2, 631
Let p = -11 - -13. List the prime factors of (p + 75/6)/(19/646).
17, 29
Let b = 53 - -466. Suppose 99 = l - 2*q - 0*q, -2*q = -5*l + b. Suppose 102*n - l*n = -117. What are the prime factors of n?
3, 13
Let d(p) be the second derivative of -p**4/12 - 11*p**3/6 + 3*p**2 - 10*p. Let g be d(-11). What are the prime factors of (-24)/g - 1*-64?
2, 3, 5
Suppose 5*s + 2 = -18, 0 = -4*m - 2*s - 292. Let d = 88 - m. What are the prime factors of d?
3, 53
Let d = 13 - 13. Suppose -4*v + 1 + 11 = d. Suppose r + 3*s = 55, -v*r - 5*s + 158 + 15 = 0. What are the prime factors of r?
61
Suppose 0 = 4*y - 3*q - 62666, -3*y - 21746 = -2*q - 68747. List the prime factors of y.
15671
Let o = -208 + 199. Let k(a) = 3*a**2 - 4*a - 75. List the prime factors of k(o).
2, 3, 17
Let x be ((-50)/10 - (-5 + 0))/1. Let i(s) = -3*s**3 + 4*s + 1653. List the prime factors of i(x).
3, 19, 29
Suppose -3*t - 51 - 99 = -3*v, -20 = -5*v. Let w = 46 + t. What are the prime factors of -15*((-4)/5 + w)?
2, 3
Let u = 15236 - 6298. List the prime factors of u.
2, 41, 109
Suppose o = -13*o + 197540. Suppose 7*l = -10*l + o. What are the prime factors of l?
2, 5, 83
Let l(h) = -58*h - 462. Let w be l(-8). List the prime factors of 66707/164*1*w*2.
1627
Let t = -360 - -360. Let v(w) = 40*w + 1566. What are the prime factors of v(t)?
2, 3, 29
List the prime factors of ((-1 - 0) + 56)*-11*231/(-1815).
7, 11
Suppose -4*m + 20 = 4. Suppose -2*n + 85 = 3*n + m*p, -n - 2*p + 11 = 0. What are the prime factors of n?
3, 7
Let f(m) = 1661*m**2 - 13*m - 16. What are the prime factors of f(2)?
2, 3301
Let w = -96 - -2088. Let y = -1378 + w. List the prime factors of y.
2, 307
Suppose 377*k - 7880 = 316717. What are the prime factors of k?
3, 7, 41
Let l = 41 - 22. Suppose 9*w = 4*w - 4*i + l, -4*w + 16 = 4*i. Suppose w*k - 3*z = 102, 0 = -k - k - 4*z + 74. What are the prime factors of k?
5, 7
Suppose 2*s = 13 - 19, z + 3*s = 6850. List the prime factors of z.
19
Let b = -6201 + 6485. List the prime factors of b.
2, 71
Let q(s) = -s**3 + 14*s**2 - 10*s - 29. Let m be q(9). Let h = -98 + m. What are the prime factors of h?
2, 47
Let f(u) = 273*u - 127. Let n = -562 - -565. List the prime factors of f(n).
2, 173
Suppose 0*q + 3*s = -3*q + 24, -3*q - 2*s + 23 = 0. Suppose -2*h - 280 = 3*c - q*c, -128 = -2*c + 4*h. What are the prime factors of c?
2, 3
Let m(y) = 3*y**2 - 4*y - 13. Let s be 3/54*-3 + (-34)/12. Let v be m(s). Suppose -2*a = -98 - v. List the prime factors of a.
2, 31
Suppose -3*a = -0*a + 2*j + 1270, 0 = 5*a + 2*j + 2110. Let u = 133 - a. Suppose 962 = 4*r - 4*l + 222, -3*r + u = -5*l. List the prime factors of r.
2, 3, 31
What are the prime factors of (0 - 1/(-2))*(12127 + -3)?
2, 7, 433
Let y = 431 - 188. Suppose -845 = -4*g + y. List the prime factors of g.
2, 17
Suppose 0 = 184*v - 186*v - 1316. Let a = v + 1172. List the prime factors of a.
2, 257
Let m(b) = -b**3 + 7*b**2. Let z be m(7). Let j(u) = -u**3 + u + 136. List the prime factors of j(z).
2, 17
Let i(p) = 77*p + 33. Let b be i(4). Suppose 2*z = -14*y + 10*y + 138, 4*z - 5*y - b = 0. List the prime factors of z.
79
Suppose -3*y = -5*r - 207732, 18*y + 2*r - 207753 = 15*y. What are the prime factors of y?
3, 41, 563
Let g(m) = -20*m + 97. Let i be g(4). Let r = i - -1268. What are the prime factors of r?
5, 257
Let s(m) = 43*m**3 + 22*m**2 - 32*m + 10. What are the prime factors of s(12)?
2, 7, 5507
Let p(h) = -9*h - 6. Suppose -u - 4*c + 4 = -9*c, 5*u + 5*c = -40. Let z be p(u). Suppose 5*m = -3*t + 26, 0*t - 4*t - 4*m = -z. List the prime factors of t.
17
Suppose 0 = -4*j, -i + 4*j - 6 = -4*i. List the prime factors of i/8 - (-80009)/76.
3, 13
Suppose -4*q + 3*w = -31 - 21, w = 0. Suppose -5*d - 2152 = -q*d. List the prime factors of d.
269
Suppose 5*n - 3*t - 80 - 220 = 0, n + 5*t = 60. Suppose -136 = 4*i + n. Let s = i + 90. List the prime factors of s.
41
Let f be (0 + (-4)/(-6))*7482/172. Suppose -2*l + f = 17. What are the prime factors of l?
2, 3
Let l(b) = 531*b**3 - 3*b**2 + 6*b - 3. Suppose 4*i + 14 = -2*y, 0 = 6*y - 3*y + 4*i + 13. List the prime factors of l(y).
3, 59
Let r(c) = 4*c - 10*c + 82*c**2 - 27 + 28. List the prime factors of r(3).
7, 103
Suppose -5*v = 3*l - 2069 + 324, 0 = 5*l - 3*v - 2931. Suppose -5*c + 10*c = l. Let b = c - 43. List the prime factors of b.
2, 37
What are the prime factors of (5 + 226/(-4))/(46/(-15916))?
103, 173
Let h = -17810 - -29813. List the prime factors of h.
3, 4001
Let x(q) be the second derivative of q**3/3 - q**2 + 12*q. Let z be x(7). Suppose -2*b - 49 = -4*i - 5*b, z = 2*i + 4*b. What are the prime factors of i?
2
Suppose 4*y = 0, -4*y - 1664 = 5*l - 359. Let c(x) = 50*x + 430. Let v be c(0). Let m = l + v. List the prime factors of m.
13
Let v(z) = 1378*z - 2739. List the prime factors of v(25).
19, 1669
Let l be 860/(-48) - (-3)/(-36). What are the prime factors of ((-790)/7)/(l/126)?
2, 5, 79
Suppose 63893 = -9*k - 70477. List the prime factors of k/(-130) - 2/(-13).
5, 23
Let r(z) be the third derivative of 0*z + 1/3*z**3 + 5/2*z**4 + 0 + 10*z**2. List the prime factors of r(1).
2, 31
Let l = 31298 - 17438. List the prime factors of l.
2, 3, 5, 7, 11
Let r = 193 + -191. Suppose 2*f = -2*h + 426, 181 + 247 = r*h + f. List the prime factors of h.
5, 43
Let k(h) = h**2 - 5*h - 6. Let n be k(6). Suppose n = 5*x + 15, 0*x = -d - 3*x - 9. Suppose d = -0*w + 3*w - 93. What are the prime factors of w?
31
What are the prime factors of 317532/940*(-5)/(-3)?
563
Suppose -11*i + 